{"id":111,"date":"2019-10-02T07:54:34","date_gmt":"2019-10-02T07:54:34","guid":{"rendered":"https:\/\/ss.turism.ee\/?page_id=111"},"modified":"2024-11-08T08:58:27","modified_gmt":"2024-11-08T08:58:27","slug":"hudrogeel","status":"publish","type":"page","link":"https:\/\/systemseparation.ee\/mets\/hudrogeel\/","title":{"rendered":"H\u00fcdrogeel"},"content":{"rendered":"\n<p><strong>H\u00dcDROGEEL Stockosorb 660 Micro<\/strong><\/p>\n\n\n\n<p><strong>Toote kuju<\/strong><strong>: graanulid&nbsp;&nbsp;&nbsp;&nbsp;&nbsp;&nbsp;&nbsp;&nbsp;&nbsp;&nbsp; &nbsp;&nbsp;&nbsp;&nbsp;&nbsp;&nbsp;&nbsp;&nbsp;&nbsp;&nbsp;&nbsp;&nbsp;&nbsp;&nbsp;&nbsp;&nbsp;&nbsp;&nbsp;&nbsp;&nbsp;&nbsp;&nbsp;&nbsp;&nbsp;&nbsp;&nbsp;&nbsp;&nbsp;&nbsp;&nbsp;&nbsp;&nbsp;&nbsp;&nbsp;&nbsp;&nbsp;&nbsp;&nbsp;&nbsp;&nbsp;&nbsp;&nbsp;&nbsp;&nbsp;&nbsp;&nbsp;&nbsp;&nbsp;&nbsp;&nbsp;&nbsp;&nbsp;&nbsp;&nbsp;&nbsp;&nbsp;&nbsp;&nbsp;&nbsp;<\/strong><\/p>\n\n\n\n<p>H\u00fcdrogeel on taimede juurdumist, kasvu ja \u00f5itsemist soodustav materjal. Toote efektiivsust hindavad nii asjaarmastajad kui ka professionaalid. H\u00fcdrogeel on uus, efektiivne, s\u00e4\u00e4stlik ja \u00f6koloogiliselt turvaline toode niiskusre\u017eiimi kontrollimiseks.<\/p>\n\n\n\n<p><strong>Kasutamine<\/strong><\/p>\n\n\n\n<p>H\u00fcdrogeel on pol\u00fcakr\u00fc\u00fcli baasil loodud k\u00f5rge kvaliteediga supersorbent ja kasvustimulaator, mis suudab imada 400 korda, erandjuhtudel aga isegi kuni 1000 korda rohkem vett kui ta ise kaalub. Materjali toimimisprotsessi aluseks on vee kogumine ning selle eraldamine taimedele siis, kui viimased seda vajavad, nt juurdumisel v\u00f5i kuival ajal. H\u00fcdrogeel imab ja s\u00e4ilitab vett efektiivselt ning eraldab seda v\u00e4hehaaval. Vee vabanemine ja eraldamine on reguleeritud, see eraldub v\u00e4ikeste kogustena siis, kui muld kuivama hakkab v\u00f5i kui taimel niiskusvajadus tekib. Taime l\u00e4hedal toimuv niisutus on p\u00f6\u00f6rdprotsess. H\u00fcdrogeel t\u00e4iendab kogutud niiskusevarusid pidevalt kastmis- ja vihmaveest ning udu- ja kasteniiskusest. Veekadu tekib tavaliselt vee v\u00e4lja voolamise ja uhtumise t\u00f5ttu ning pinnase v\u00f5imetuse t\u00f5ttu vett siduda. H\u00fcdrogeel suurendab \u00f5huvahesid mullaosakeste vahel, see omakorda aga parandab mulla aeratsiooni ja hapniku juurdep\u00e4\u00e4su taimejuurtele. Niiskuskadu v\u00e4ljauhtumise t\u00f5ttu moodustab tavaliselt v\u00e4hem kui 5%, kadu v\u00f5ib olla p\u00f5hjustatud pea ainult aurumisest. H\u00fcdrogeel loob taimedele soodsate tingimuste terviku. Lihtne kasutamine t\u00e4iendab toote eeliseid veelgi.<\/p>\n\n\n\n<p><strong>Otstarve<\/strong><\/p>\n\n\n\n<ul class=\"wp-block-list\">\n<li>Seemnete idanemise soodustamine;<\/li>\n\n\n\n<li>efektiivne ja ratsionaalne veekasutus;<\/li>\n\n\n\n<li>taimede varustamine niiskusega;<\/li>\n\n\n\n<li>mullapinna \u00fclemise kihi kaitsmine vee ja erosiooni eest;<\/li>\n\n\n\n<li>pinnase struktuuri parandamine;<\/li>\n\n\n\n<li>pinnase niiskusre\u017eiimi parandamine ja reguleerimine;<\/li>\n\n\n\n<li>juurte arengu soodustamine;<\/li>\n\n\n\n<li>taimejuurte kaitsmine kuivamise eest;<\/li>\n\n\n\n<li>m\u00fckoriisa arenguprotsesside soodustamine ja selleks soodsate tingimuste loomine;<\/li>\n\n\n\n<li>taimede juurdumise soodustamine p\u00e4rast \u00fcmber istutamist;<\/li>\n\n\n\n<li>taimede kasvu ja arengu parandamine v\u00e4hese niiskuse tingimustes;<\/li>\n\n\n\n<li>taimede kaitsmine soolade nn puhverefekti eest;<\/li>\n\n\n\n<li>vihma-, udu- ja isegi kasteniiskuse kogumine;<\/li>\n\n\n\n<li>v\u00e4etiste kogumine, v\u00e4etiste kasutamise v\u00e4hendamine kuni 30%;<\/li>\n\n\n\n<li>p\u00f5hiliste toite- ja mikroelementide v\u00e4ljauhtumise v\u00e4hendamine.<\/li>\n<\/ul>\n\n\n\n<p><strong>Kasutamisviisid<\/strong><\/p>\n\n\n\n<ul class=\"wp-block-list\">\n<li>Juurte ja kogu taime leotamine;<\/li>\n\n\n\n<li>segamine kasvusubstraatide v\u00f5i mullaga;<\/li>\n\n\n\n<li>taimede kasvuridadesse lisamine;<\/li>\n\n\n\n<li>mullaga segamine kuni 25 cm s\u00fcgavuselt;<\/li>\n\n\n\n<li>istutusaukudesse lisamine;<\/li>\n\n\n\n<li>injektsiooniline lisamine taimejuurte l\u00e4hedusse;<\/li>\n\n\n\n<li>peenra pealiskihti puistamine;<\/li>\n\n\n\n<li>seemnetega segamine;<\/li>\n\n\n\n<li>taimede pritsimine.<\/li>\n<\/ul>\n\n\n\n<p><strong>Kasutamisnormid<\/strong><\/p>\n\n\n\n<p>Metsaistikute leotamiseks: 0,45 \u2013 0,55 kg\/100 l                        <br>Lillepeenardele ja kasvulavadele: 2,5 \u2013 3,0 g\/l<br>Lillepottidesse ja amplitesse:                                                          <\/p>\n\n\n\n<ul class=\"wp-block-list\">\n<li>poti l\u00e4bim\u00f5\u00f5t 10 cm: 2 g (1\/2 teelusikat\u00e4it);                                <\/li>\n\n\n\n<li>poti l\u00e4bim\u00f5\u00f5t 15 cm: 3 g (3\/4 teelusikat\u00e4it);                                <\/li>\n\n\n\n<li>poti l\u00e4bim\u00f5\u00f5t 20 cm: 4 g (\u00fcks teelusikat\u00e4is);                               <\/li>\n\n\n\n<li>poti l\u00e4bim\u00f5\u00f5t 25 cm: 8 g (kaks teelusikat\u00e4it).<\/li>\n<\/ul>\n\n\n\n<p>Kasvusubstraatide v\u00f5i mullaga segamiseks: 0,5 -1 kg\/m3<br>Puudele ja p\u00f5\u00f5sastele: 50 g\/istutusaugu kohta<br>Murude rajamisel: 50-100 g\/m2<br>Tomatile, paprikale, salatile: 5 g\/m2<br>Mets- ja aedmaasikale, teistele istikutele: 2,5 g\/m2<\/p>\n\n\n\n<p><strong>Aianduses, kus kasutatakse substraatide puhul h\u00fcdrogeeli, pikeneb konteinertaimede eluiga.<\/strong><\/p>\n\n\n\n<p>Enamik ilutaimi kasvatatakse konteinerites, mis muudab nad v\u00e4ga tundlikeks veestressi suhtes. Probleem on v\u00f5imendatud jaekaubandusettev\u00f5tete turutingimuste t\u00f5ttu, kus kastmissagedus on sageli juhtimismugavuse funktsioon, mitte ei tulene taime vajadusest.<\/p>\n\n\n\n<p>H\u00fcdrogeel on kaubanduslikult kasutatav, et muuta vee seisundit kasvukeskkonnas. H\u00fcdrogeeli kasutamisest tingitud kasulikud efektid on suurenenud veemahutavus, parem aeratsioon ja drenaa\u017e, parem juureareng, konteinertaimede pikendatud s\u00e4ilivusaeg, kastmisvajaduse v\u00e4henemine, taime \u00fclemise osa parem kasv ja \u00f5itsemine.<\/p>\n\n\n\n<p>Veestressi v\u00e4ltimine ja kaitse taime v\u00f5imaliku vigastuse eest on suureks v\u00e4\u00e4rtuseks nii taimekasvatajatele kui jaem\u00fc\u00fcjatele.<\/p>\n\n\n\n<p><strong>Kasutamine<\/strong><\/p>\n\n\n\n<p>Kasutatakse kuivade graanulitena.<\/p>\n\n\n\n<ol class=\"wp-block-list\">\n<li>Segage kuiv Stockosorb Micro toode \u00fchtlaselt kasvusubstraatidega.<\/li>\n<\/ol>\n\n\n\n<p>Esimene niisutus peab olema v\u00e4ga intensiivne, et pol\u00fcmeergraanulid seguneksid veega.<\/p>\n\n\n\n<p>Mulla maht suureneb h\u00fcdrogeeli paisumise t\u00f5ttu.<\/p>\n\n\n\n<p>Kantakse peale geelina.<\/p>\n\n\n\n<p>Kasutatakse eelniisutatud geelina<\/p>\n\n\n\n<p>2. Eelh\u00fcdreerida Stockosorb Micro ja segada \u00fchtlaselt kasvusubstraatidega:<\/p>\n\n\n\n<p>Lisada 100 L vett t\u00fcnni ja seej\u00e4rel 1 kg h\u00fcdrogeeli, segada lahust 30 minutit ja lasta seista 15 minutiks.<\/p>\n\n\n\n<p>Veehoidla on juba aktiveerunud. Niisutust v\u00f5ib koheselt v\u00e4hendada. Mullamahus ei esine mingeid muutusi.<\/p>\n\n\n\n<p>3.&nbsp;H\u00fcdrogeeli-i eelniisutust v\u00f5ib teha ka v\u00e4etise lahuses.<\/p>\n\n\n\n<p>Annus: 2 \u2013 3 kg kuupmeetri kohta.<\/p>\n\n\n\n<p><strong>Lahuse kontsentratsioon ja kasutusjuhend&nbsp;metsataimede leotamisel.<\/strong><\/p>\n\n\n\n<p>Rohkem kui 200 liitri lahuse valmistamisel, soovitame teha proovisegu (2 liitrit vett + 9 g geelipulbrit ). Moodustunud segu peab olema kreemjas. Korrektselt ettevalmistatud lahus peab j\u00e4\u00e4ma 1,5 kuni 2 mm paksuselt juurekavale.<\/p>\n\n\n\n<p>Valmissegu lasta seista v\u00e4hemalt 30 minutit enne t\u00f6\u00f6tlemise algust.<\/p>\n\n\n\n<p>Seej\u00e4rel kasta avajuurse taime juured lahusesse. Kui juurte k\u00fclge j\u00e4\u00e4b liiga<\/p>\n\n\n\n<p>paks kiht lahust, lahjendada segu veega. Taimi v\u00f5ib kasta \u00fchekaupa v\u00f5i pundis.<\/p>\n\n\n\n<p>Peale t\u00f6\u00f6tlemist on v\u00f5imalik taimed kohe istutada, transportimiseks pakkida kottidesse.<\/p>\n\n\n\n<p>1kg h\u00fcdrogeeliga saab t\u00f6\u00f6delda v\u00e4hemalt 4000 avajuurset taime.<\/p>\n\n\n\n<p>H\u00fcdrogeeliga t\u00f6\u00f6deldud taimed soovitame istutada 1 n\u00e4dala jooksul.<\/p>\n\n\n\n<table class=\"wp-block-table\"><tbody><tr><td width=\"130\"><\/td><td style=\"text-align:center\"><strong>STOCKOSORB\u00ae 500<\/strong> <\/td><td style=\"text-align:center\"><strong>STOCKOSORB\u00ae 660<\/strong><\/td><\/tr><tr><td style=\"text-align:center\">Keemiline koostis<\/td><td style=\"text-align:center\">V\u00f5rkpol\u00fcmeer Kaalium Akr\u00fc\u00fclhape &#8211; Akr\u00fc\u00fclamiid Kopol\u00fcmeer<\/td><td style=\"text-align:center\">Pol\u00fcakr\u00fc\u00fclhape\u2013Kaalisool, v\u00f5rkpol\u00fcmeer<\/td><\/tr><tr><td style=\"text-align:center\">Toote t\u00fc\u00fcbid<\/td><td style=\"text-align:center\">STOCKOSORB\u00ae 500 XL 2.0 \u2013 4.0 mmSTOCKOSORB\u00ae 500 Medium 0.8 \u2013 2.0 mmSTOCKOSORB\u00ae 500 Micro 0.2 \u2013 0.8 mmSTOCKOSORB\u00ae 500 Powder &lt; 0.2 mm<\/td><td style=\"text-align:center\">STOCKOSORB\u00ae 660 Medium 0.8 \u2013 2.0 mmSTOCKOSORB\u00ae 660 Micro 0.2 \u2013 0.8 mm<\/td><\/tr><tr><td style=\"text-align:center\">Hajustihendus<\/td><td style=\"text-align:center\">600 \u00b1 50 kg\/m\u00b3<\/td><td style=\"text-align:center\">570 \u2013 750 kg\/m\u00b3<\/td><\/tr><tr><td style=\"text-align:center\">F\u00fc\u00fcsiline vorm<\/td><td colspan=\"2\" style=\"text-align:center\">Valged graanulid<\/td><\/tr><tr><td style=\"text-align:center\">pH-v\u00e4\u00e4rtus<\/td><td colspan=\"2\" style=\"text-align:center\">7.0 \u2013 8.0<\/td><\/tr><tr><td style=\"text-align:center\">Imendumisv\u00f5ime<\/td><td colspan=\"2\" style=\"text-align:center\">&gt; 150 ml\/ g of 0.125% NPK 14-12-14 2 MgOSTOCKOSORB\u00ae-il on parim imendumisv\u00f5ime mullas ca 20 cm s\u00fcgavusel, mis on tingitud geeli tugevuse ja stabiilsuse t\u00f5ttu v\u00e4etiste ja lahustuvate soolade olemasolul.<\/td><\/tr><tr><td style=\"text-align:center\">Toksilisus<\/td><td colspan=\"2\" style=\"text-align:center\">STOCKOSORB\u00ae on&nbsp; keskkonnas\u00f5bralik ja ei ole toksiline. See ei saasta taimi, mulda v\u00f5i p\u00f5hjavett. STOCKOSORB\u00ae laguneb ammoniaagiks, s\u00fcsihappegaasiks ja veeks ilma j\u00e4\u00e4km\u00fcrgisust tekitamata.<\/td><\/tr><\/tbody><\/table>\n\n\n\n<p><strong>NB! S\u00e4ilitada kuivades tingimustes, vahemikus 0 kuni +50 kraadi C.<\/strong><br><strong>S\u00e4ilivusaeg 3 aastat.<\/strong><\/p>\n\n\n\n<p><strong>HIND:<\/strong><\/p>\n\n\n\n<p><strong>Alla 100 kg. 22 eur +km (Tallinna piires kohaletoomisega)<\/strong><br><strong>100 \u2013 500kg. 16 eur +km (Tallinna piires kohaletoomisega)<\/strong><br><strong>\u00dcle 500kg 12\u00a0eur +km (Tallinna piires kohaletoomisega)<\/strong><\/p>\n\n\n\n<p><strong>TOOTJA<\/strong><br>EVONIK Industries AG<br>Saksamaa.<\/p>\n\n\n\n<p><strong>MAALETOOJA<\/strong><br>Systemseparation Ltd         <br>Mob:  +37255526619<br>E-mail: <a href=\"mailto:info@systemseparation.ee\">info@systemseparation.ee<\/a><br><a href=\"https:\/\/www.systemsepration.ee\" target=\"_blank\" rel=\"noopener\">www.systemseparation.ee<\/a><\/p>\n","protected":false},"excerpt":{"rendered":"<p>H\u00dcDROGEEL Stockosorb 660 Micro Toote kuju: graanulid&nbsp;&nbsp;&nbsp;&nbsp;&nbsp;&nbsp;&nbsp;&nbsp;&nbsp;&nbsp; &nbsp;&nbsp;&nbsp;&nbsp;&nbsp;&nbsp;&nbsp;&nbsp;&nbsp;&nbsp;&nbsp;&nbsp;&nbsp;&nbsp;&nbsp;&nbsp;&nbsp;&nbsp;&nbsp;&nbsp;&nbsp;&nbsp;&nbsp;&nbsp;&nbsp;&nbsp;&nbsp;&nbsp;&nbsp;&nbsp;&nbsp;&nbsp;&nbsp;&nbsp;&nbsp;&nbsp;&nbsp;&nbsp;&nbsp;&nbsp;&nbsp;&nbsp;&nbsp;&nbsp;&nbsp;&nbsp;&nbsp;&nbsp;&nbsp;&nbsp;&nbsp;&nbsp;&nbsp;&nbsp;&nbsp;&nbsp;&nbsp;&nbsp;&nbsp; H\u00fcdrogeel on taimede juurdumist, kasvu ja \u00f5itsemist soodustav materjal. Toote efektiivsust hindavad nii asjaarmastajad kui ka professionaalid. H\u00fcdrogeel on uus, efektiivne, s\u00e4\u00e4stlik ja \u00f6koloogiliselt turvaline toode niiskusre\u017eiimi kontrollimiseks. Kasutamine H\u00fcdrogeel on pol\u00fcakr\u00fc\u00fcli baasil loodud k\u00f5rge kvaliteediga supersorbent ja kasvustimulaator, mis suudab imada 400 korda, erandjuhtudel aga isegi [&hellip;]<\/p>\n","protected":false},"author":1,"featured_media":0,"parent":0,"menu_order":0,"comment_status":"closed","ping_status":"closed","template":"","meta":{"_acf_changed":false,"ocean_post_layout":"","ocean_both_sidebars_style":"","ocean_both_sidebars_content_width":0,"ocean_both_sidebars_sidebars_width":0,"ocean_sidebar":"0","ocean_second_sidebar":"0","ocean_disable_margins":"enable","ocean_add_body_class":"","ocean_shortcode_before_top_bar":"","ocean_shortcode_after_top_bar":"","ocean_shortcode_before_header":"","ocean_shortcode_after_header":"","ocean_has_shortcode":"","ocean_shortcode_after_title":"","ocean_shortcode_before_footer_widgets":"","ocean_shortcode_after_footer_widgets":"","ocean_shortcode_before_footer_bottom":"","ocean_shortcode_after_footer_bottom":"","ocean_display_top_bar":"default","ocean_display_header":"default","ocean_header_style":"","ocean_center_header_left_menu":"0","ocean_custom_header_template":"0","ocean_custom_logo":0,"ocean_custom_retina_logo":0,"ocean_custom_logo_max_width":0,"ocean_custom_logo_tablet_max_width":0,"ocean_custom_logo_mobile_max_width":0,"ocean_custom_logo_max_height":0,"ocean_custom_logo_tablet_max_height":0,"ocean_custom_logo_mobile_max_height":0,"ocean_header_custom_menu":"0","ocean_menu_typo_font_family":"0","ocean_menu_typo_font_subset":"","ocean_menu_typo_font_size":0,"ocean_menu_typo_font_size_tablet":0,"ocean_menu_typo_font_size_mobile":0,"ocean_menu_typo_font_size_unit":"px","ocean_menu_typo_font_weight":"","ocean_menu_typo_font_weight_tablet":"","ocean_menu_typo_font_weight_mobile":"","ocean_menu_typo_transform":"","ocean_menu_typo_transform_tablet":"","ocean_menu_typo_transform_mobile":"","ocean_menu_typo_line_height":0,"ocean_menu_typo_line_height_tablet":0,"ocean_menu_typo_line_height_mobile":0,"ocean_menu_typo_line_height_unit":"","ocean_menu_typo_spacing":0,"ocean_menu_typo_spacing_tablet":0,"ocean_menu_typo_spacing_mobile":0,"ocean_menu_typo_spacing_unit":"","ocean_menu_link_color":"","ocean_menu_link_color_hover":"","ocean_menu_link_color_active":"","ocean_menu_link_background":"","ocean_menu_link_hover_background":"","ocean_menu_link_active_background":"","ocean_menu_social_links_bg":"","ocean_menu_social_hover_links_bg":"","ocean_menu_social_links_color":"","ocean_menu_social_hover_links_color":"","ocean_disable_title":"default","ocean_disable_heading":"default","ocean_post_title":"","ocean_post_subheading":"","ocean_post_title_style":"","ocean_post_title_background_color":"","ocean_post_title_background":0,"ocean_post_title_bg_image_position":"","ocean_post_title_bg_image_attachment":"","ocean_post_title_bg_image_repeat":"","ocean_post_title_bg_image_size":"","ocean_post_title_height":0,"ocean_post_title_bg_overlay":0.5,"ocean_post_title_bg_overlay_color":"","ocean_disable_breadcrumbs":"default","ocean_breadcrumbs_color":"","ocean_breadcrumbs_separator_color":"","ocean_breadcrumbs_links_color":"","ocean_breadcrumbs_links_hover_color":"","ocean_display_footer_widgets":"default","ocean_display_footer_bottom":"default","ocean_custom_footer_template":"0","footnotes":""},"class_list":["post-111","page","type-page","status-publish","hentry","entry"],"acf":[],"_links":{"self":[{"href":"https:\/\/systemseparation.ee\/mets\/wp-json\/wp\/v2\/pages\/111","targetHints":{"allow":["GET"]}}],"collection":[{"href":"https:\/\/systemseparation.ee\/mets\/wp-json\/wp\/v2\/pages"}],"about":[{"href":"https:\/\/systemseparation.ee\/mets\/wp-json\/wp\/v2\/types\/page"}],"author":[{"embeddable":true,"href":"https:\/\/systemseparation.ee\/mets\/wp-json\/wp\/v2\/users\/1"}],"replies":[{"embeddable":true,"href":"https:\/\/systemseparation.ee\/mets\/wp-json\/wp\/v2\/comments?post=111"}],"version-history":[{"count":1,"href":"https:\/\/systemseparation.ee\/mets\/wp-json\/wp\/v2\/pages\/111\/revisions"}],"predecessor-version":[{"id":1023,"href":"https:\/\/systemseparation.ee\/mets\/wp-json\/wp\/v2\/pages\/111\/revisions\/1023"}],"wp:attachment":[{"href":"https:\/\/systemseparation.ee\/mets\/wp-json\/wp\/v2\/media?parent=111"}],"curies":[{"name":"wp","href":"https:\/\/api.w.org\/{rel}","templated":true}]}}